- 4*u(q). Let f be k(-3). Let v = f - -5. What is the remainder when 10 is divided by v?
1
Suppose 0 = 5*x - 4*x - 42. Calculate the remainder when 22 is divided by ((-14)/x)/(2/(-72)).
10
Suppose 62 = 3*u + 8. Suppose -13*l = -u*l + 315. Calculate the remainder when l is divided by 22.
19
Let x(v) = 3*v - 13. Let t be x(6). Let l(m) = 2*m**2 - m + 8. What is the remainder when l(t) is divided by 14?
11
Let r = -39 + 53. What is the remainder when 54 is divided by r?
12
Let a(x) = x + 6. Let u be a(-4). Suppose u*o - 3*o = -w + 5, 0 = 2*w - o - 13. What is the remainder when w is divided by 5?
3
Suppose 0 = -5*l + 22 + 33. Let x(o) = 2*o + 2. Let z be x(-3). Let n = 0 - z. Calculate the remainder when l is divided by n.
3
Let y(j) = -j - 3. Let d be y(-8). Suppose 0*s - 30 = -5*s + 5*n, -2*s + d*n = -15. Calculate the remainder when 9 is divided by s.
4
Let k(s) = -s**3 + 6*s**2 + 2*s - 3. Suppose y - 2 - 1 = -3*l, -14 = -3*y - 4*l. What is the remainder when 25 is divided by k(y)?
7
Let m(r) = -41*r - 1. Let t(h) = h**2 + 8*h + 5. Let n be t(-7). What is the remainder when m(n) is divided by 21?
18
Let f be 4/(-6)*(-30)/4. Suppose 15 = 5*v - 4*a, -f = -2*a + a. Calculate the remainder when v is divided by 4.
3
Let d be 17/(-5) + 4/10. Let l = d + 20. What is the remainder when 49 is divided by l?
15
Let r = 7 + 0. Suppose r*i - 4*i = 57. What is the remainder when i is divided by 11?
8
Suppose 0 = -0*n - 4*n. Suppose 4*c + 0*c - 44 = n. What is the remainder when 20 is divided by c?
9
Suppose -2*r + u - 83 = -6*r, -4*r = -u - 77. Suppose -2*b + 14 = -2*x + 6, x + r = 3*b. Calculate the remainder when 13 is divided by b.
5
Let p(m) = m + 9. Calculate the remainder when p(21) is divided by 13.
4
Suppose 48 = r - 2*i, -2*r - 4*i = -3*r + 44. Let p = 19 - -10. Let k = r - p. What is the remainder when k is divided by 6?
5
Suppose f - 5*f - 8 = 4*x, x = 4*f + 18. Suppose -y - x*g = -16, 4*y - 20 = 5*g + 5. Calculate the remainder when 29 is divided by y.
9
Let k(r) = -3*r + 2*r + 4*r**2 - 2 - r**3 + 2*r + 2*r**2. Let v be k(6). Suppose v*p - 40 = -4. Calculate the remainder when p is divided by 6.
3
Let w be (-2)/(-8) + (-3)/(-4). What is the remainder when (-1 - w)/(8/(-148)) is divided by 13?
11
Let l = 6 + -6. Suppose l = -7*p + 2*p + 70. Suppose -4*n + 28 = s, 5*s = -0*s + n + 35. Calculate the remainder when p is divided by s.
6
Suppose -36 + 98 = 2*o. Suppose h = -4*f + o, -3*f - f + 5*h + 13 = 0. Calculate the remainder when 11 is divided by f.
4
Suppose -2*j = -j - 20. Let g = -7 + j. What is the remainder when 37 is divided by g?
11
What is the remainder when 44 is divided by 1/((-3)/(-51)) + -2?
14
Let l(y) be the first derivative of y**4/4 + 2*y**3 - 2*y**2 - 2*y - 3. Let z be l(-7). Let t = z + 57. Calculate the remainder when t is divided by 18.
16
Let t = -2 - -24. Calculate the remainder when t is divided by 8.
6
Let u = 0 - 0. Suppose u*t + 2*t = 3*h + 20, -3*t + h = -16. Let s(p) = p**2 + 4*p + 6. What is the remainder when s(-5) is divided by t?
3
Let d(v) = v**3 + 6*v**2 - 4*v - 7. What is the remainder when 31 is divided by d(-6)?
14
Let i be 1 - 0 - (-3)/3. Suppose -3*g + 24 = y - 2*g, i*g + 78 = 4*y. Let m = y + -11. What is the remainder when 28 is divided by m?
8
Let s(z) = -z**3 - 4*z**2 + z + 3. Let b be s(-4). Let i = 6 - -6. Calculate the remainder when 47/2*2 + b is divided by i.
10
Let t(m) = -m**3 - 3*m**2 + 4*m + 4. What is the remainder when 10 is divided by t(-4)?
2
Let u(w) = -3 - w - w**2 - 7*w - 2 + 0*w. Calculate the remainder when (-36)/(1 - 2) - -1 is divided by u(-5).
7
Suppose -2*r + 4*s = 2*s - 48, -3*r + 4*s = -71. Let v = 22 + -13. Calculate the remainder when r is divided by v.
7
Suppose d = -3, 3*d - 2*d = 4*c - 31. Suppose -5 = -c*v + 2*v. What is the remainder when 1 is divided by v?
0
Let r(l) = -l**3 + 2*l + 4. Let j be r(3). Calculate the remainder when (j - -8)*2/(-6) is divided by 1.
0
Let f = 18 - -10. Suppose -4*r + f + 20 = 0. Calculate the remainder when 35 is divided by r.
11
Suppose -f + 5*f - 96 = 0. Let r(b) = b**3 - 15*b**2 + 14*b + 13. What is the remainder when f is divided by r(14)?
11
Suppose 0 = 2*n - 103 - 25. Suppose -r = q - 18, q - n = -2*q - r. Let y = -13 + q. What is the remainder when 29 is divided by y?
9
Let u(f) = -f + 3. What is the remainder when 13 is divided by u(-4)?
6
What is the remainder when 135 is divided by 7/28 + 135/4?
33
Suppose -4*t + 85 = -5*d + 2*d, -3*t = -2*d - 63. What is the remainder when t is divided by 7?
5
Let t(v) = v**3 + 10*v**2 - 11*v. Let m be t(-11). Suppose j + 0 - 9 = m. What is the remainder when j is divided by ((-6)/7)/((-2)/14)?
3
Let h = 32 + -26. Calculate the remainder when 16 is divided by h.
4
Suppose 0 = -5*i + 2*i + 135. Suppose -5*s = -3*u - 0*s + 5, 3*u = -3*s + i. Let v(x) = -3*x**3 + 3*x + 1. Calculate the remainder when v(-2) is divided by u.
9
Suppose s + 16 = 5*g, s = -0*s - g + 14. What is the remainder when s is divided by 5?
4
Suppose 5*a = 7 + 3. Suppose a*l + 1 = 9. Suppose 0 = 5*b + 2*u - u - 54, 5*u = -5*b + 70. What is the remainder when b is divided by l?
2
Suppose -25*h + 76 = -6*h. Let a = -3 - -17. Calculate the remainder when a is divided by h.
2
Suppose -2*m - 20 = -2*v, -v - 2*v + 2*m = -30. Suppose 3*x = r + 2*r + 84, 0 = -5*x + 4*r + 141. Calculate the remainder when x is divided by v.
9
Suppose -5*l = -3*j + 1 - 4, -4*j + 5*l + 1 = 0. Let k be -27 - 0 - 2*-1. Let p = -14 - k. What is the remainder when p is divided by j?
3
Calculate the remainder when 37/111 + (-124)/(-6) + 0 is divided by 4.
1
Suppose -3*p + c = -0 - 16, 0 = -p - 4*c + 27. Calculate the remainder when p is divided by 6.
1
Let r = -53 - -68. Calculate the remainder when 29 is divided by r.
14
Suppose -2*l = -5*r + 8, -l - 3*r = -6*l - 20. Let y = 23 + l. What is the remainder when y is divided by 11?
8
Let i(f) = 7*f + 3. What is the remainder when i(4) is divided by (-3)/(-6)*6 - -13?
15
Suppose -2*t = -3*t + 3. Suppose t - 33 = -5*m. What is the remainder when 65 is divided by (1 + (-9)/m)*-44?
21
Let s(j) = j**2 - 3*j + 131. Calculate the remainder when s(0) is divided by 33.
32
Suppose f = -4 + 23. What is the remainder when 35 is divided by f?
16
Let v(b) = b**2 - 12*b + 7. Let g be v(8). Let w = -8 - g. Calculate the remainder when 31 is divided by w.
14
Calculate the remainder when 38 is divided by 144/14 + (-6)/21.
8
Let n = 5 + 9. Calculate the remainder when 159/(-30)*-2*5 is divided by n.
11
Suppose 92 = 5*y - 3*y. Calculate the remainder when y is divided by 12.
10
Suppose 2*n + l = 14 + 55, 0 = -n + l + 42. Let s(k) = 3*k - 5. Calculate the remainder when n is divided by s(6).
11
Let k(a) = -3*a + 5. Let s = 7 - 14. Suppose -2 = 2*y - 16. Calculate the remainder when k(s) is divided by y.
5
Suppose -4*x + 28 = -2*x. Let t(o) = o**2 - o - 4. Suppose 1 = -n + g, n - 4*n - 4*g + 32 = 0. Calculate the remainder when x is divided by t(n).
6
Suppose 0 = -3*v + a + 39, 4*v + 0*v + 4*a = 52. Let h = 160 - 110. What is the remainder when h is divided by v?
11
Let m = -2 + 1. What is the remainder when m/((-6 - -4)/100) is divided by 26?
24
Suppose -f = -44 + 31. Let b(x) = -x**3 + 6*x**2 - 5*x + 3. Let y be b(5). Let l(n) = n**3 - n**2 - 3*n - 4. What is the remainder when f is divided by l(y)?
3
Let l(s) = s**2 + 4*s - 2. Let o(q) = -4*q - 4*q + 4*q - 3 + 3*q. Calculate the remainder when o(-7) is divided by l(-5).
1
Suppose 3*g - 55 = 143. Calculate the remainder when g is divided by 25.
16
Let y be (6/(-1))/((-9)/6). Suppose 102 = 3*a - a - 4*i, -y*i = -16. Calculate the remainder when a is divided by 20.
19
Suppose -11 = 3*m - 2. Let d(f) = -3*f + 4. Suppose 0 = -n + 8 - 1. What is the remainder when d(m) is divided by n?
6
Suppose -5*l + l + 152 = 0. Suppose 3*v = -t + 41, 3*v + 27 = -4*t + 74. What is the remainder when l is divided by v?
12
Suppose -4*o + 22 = -42. Let i(l) = 12*l**2 - 3*l + 3. Calculate the remainder when i(2) is divided by o.
13
Suppose -3*d - d + 72 = 0. Let v = -11 - -18. Calculate the remainder when d is divided by v.
4
Let y be (-2)/(-3) - 200/(-24). Suppose -w = -y + 4. Calculate the remainder when 7 is divided by w.
2
Suppose 10*y = 5*y + 20. Suppose 4*j - z - y*z - 108 = 0, -176 = -5*j - 4*z. W